by 44108?
1161
Calculate the remainder when 74630 is divided by 1659.
1634
Calculate the remainder when 1995018 is divided by 249376.
10
Calculate the remainder when 68083 is divided by 511.
120
Calculate the remainder when 11091485 is divided by 1232383.
38
Calculate the remainder when 288439 is divided by 1885.
34
What is the remainder when 3105755 is divided by 3235?
155
Calculate the remainder when 10748447 is divided by 224.
31
What is the remainder when 101942 is divided by 6140?
3702
What is the remainder when 13685301 is divided by 6842649?
3
Calculate the remainder when 2625395 is divided by 1131.
344
Calculate the remainder when 7666318 is divided by 921.
835
Calculate the remainder when 9933 is divided by 236.
21
What is the remainder when 183459 is divided by 30516?
363
What is the remainder when 53477 is divided by 1467?
665
Calculate the remainder when 145983 is divided by 177.
135
What is the remainder when 12635720 is divided by 529?
26
What is the remainder when 28101882 is divided by 96570?
12
Calculate the remainder when 14677955 is divided by 828.
827
Calculate the remainder when 9098979 is divided by 22.
21
Calculate the remainder when 4309785 is divided by 1077443.
13
What is the remainder when 167139 is divided by 2258?
47
What is the remainder when 5962665 is divided by 1005?
0
Calculate the remainder when 236109 is divided by 1357.
1348
What is the remainder when 22275628 is divided by 241?
239
What is the remainder when 3741383 is divided by 970?
93
What is the remainder when 224275 is divided by 387?
202
Calculate the remainder when 181796 is divided by 4214.
594
What is the remainder when 797940 is divided by 20416?
1716
What is the remainder when 274325 is divided by 1614?
1559
What is the remainder when 11576747 is divided by 826908?
35
Calculate the remainder when 31817 is divided by 9964.
1925
Calculate the remainder when 64601961 is divided by 14.
11
What is the remainder when 1356972 is divided by 6?
0
Calculate the remainder when 82616249 is divided by 93.
71
What is the remainder when 88244 is divided by 8513?
3114
Calculate the remainder when 11119114 is divided by 11119113.
1
Calculate the remainder when 1135211 is divided by 39145.
6
Calculate the remainder when 3628298 is divided by 2427.
2360
What is the remainder when 1836306 is divided by 337?
330
What is the remainder when 49409 is divided by 48076?
1333
Calculate the remainder when 2593621 is divided by 79.
51
Calculate the remainder when 4316704 is divided by 300.
4
What is the remainder when 55158137 is divided by 54?
53
What is the remainder when 1027429 is divided by 165?
139
Calculate the remainder when 326473 is divided by 1631.
273
What is the remainder when 1416809 is divided by 472179?
272
Calculate the remainder when 119250 is divided by 770.
670
Calculate the remainder when 43626500 is divided by 579.
8
What is the remainder when 1957378 is divided by 398?
14
What is the remainder when 36305 is divided by 802?
215
Calculate the remainder when 576101 is divided by 3892.
85
What is the remainder when 296544 is divided by 296151?
393
Calculate the remainder when 2090156 is divided by 60.
56
What is the remainder when 10231269 is divided by 170?
159
Calculate the remainder when 88417 is divided by 88266.
151
What is the remainder when 244204 is divided by 2160?
124
What is the remainder when 2256334 is divided by 20?
14
What is the remainder when 3790342 is divided by 2952?
2926
What is the remainder when 27379111 is divided by 1153?
1126
What is the remainder when 16228301 is divided by 46?
7
Calculate the remainder when 413960 is divided by 10501.
4421
Calculate the remainder when 399162789 is divided by 193.
189
What is the remainder when 3709578 is divided by 14?
12
What is the remainder when 276766 is divided by 3412?
394
Calculate the remainder when 15252168 is divided by 15252143.
25
What is the remainder when 559663746 is divided by 284?
282
Calculate the remainder when 48020423 is divided by 31.
28
What is the remainder when 1370003 is divided by 228332?
11
What is the remainder when 8066823 is divided by 240?
183
Calculate the remainder when 1581196 is divided by 1984.
1932
What is the remainder when 6767770 is divided by 132?
130
What is the remainder when 1242568 is divided by 5061?
2623
What is the remainder when 209920554 is divided by 1858?
1856
Calculate the remainder when 25576781 is divided by 86117.
32
What is the remainder when 5003262 is divided by 73?
61
Calculate the remainder when 17265 is divided by 3118.
1675
What is the remainder when 30442137 is divided by 16?
9
Calculate the remainder when 10453999 is divided by 7548.
19
Calculate the remainder when 108656403 is divided by 692079.
0
What is the remainder when 17537935 is divided by 69?
67
Calculate the remainder when 125181 is divided by 298.
21
What is the remainder when 6058536 is divided by 14?
8
Calculate the remainder when 27371129 is divided by 5885.
5879
Calculate the remainder when 404883 is divided by 1131.
1116
What is the remainder when 769266 is divided by 275?
91
Calculate the remainder when 24757 is divided by 3540.
3517
Calculate the remainder when 71688 is divided by 35824.
40
What is the remainder when 7841 is divided by 3594?
653
Calculate the remainder when 44230363 is divided by 15.
13
Calculate the remainder when 122586 is divided by 8153.
291
What is the remainder when 160454 is divided by 1821?
206
What is the remainder when 1074275 is divided by 26201?
34
Calculate the remainder when 385903057 is divided by 340.
337
Calculate the remainder when 2021798 is divided by 732.
14
Calculate the remainder when 214550218 is divided by 1067.
1059
What is the remainder when 396561 is divided by 88?
33
What is the remainder when 1117798 is divided by 38?
28
What is the remainder when 1168964605 is divided by 14?
11
What is the remainder when 789820 is divided by 4467?
3628
Calculate the remainder when 30400 is divided by 95.
0
Calculate the remainder when 246300558 is divided by 115.
113
Calculate the remainder when 180744 is divided by 171.
168
What is the remainder when 5662458 is divided by 5083?
5079
What is the remainder when 11520124 is divided by 5760046?
32
What is the remainder when 13607797 is divided by 25?
22
Calculate the remainder when 60686701 is divided by 5302.
9
What is the remainder when 20870588 is divided by 152?
76
Calculate the remainder when 142233792 is divided by 974204.
8
Calculate the remainder when 53534 is divided by 1447.
1442
Calculate the remainder when 296699 is divided by 148270.
159
What is the remainder when 16119610 is divided by 1249?
16
Calculate the remainder when 3511040 is divided by 1217.
1212
Calculate the remainder when 1449731 is divided by 17.
5
What is the remainder when 2259990 is divided by 1031?
38
Calculate the remainder when 9718013 is divided by 2588.
73
Calculate the remainder when 75886 is divided by 62.
60
Calculate the remainder when 22760253 is divided by 2820.
33
Calculate the remainder when 428973 is divided by 453.
435
Calculate the remainder when 292508 is divided by 2537.
753
Calculate the remainder when 3488183 is divided by 218010.
23
Calculate the remainder when 1165511 is divided by 2871.
2756
Calculate the remainder when 193696 is divided by 389.
363
Calculate the remainder when 726958 is divided by 156.
154
What is the remainder when 82101 is divided by 662?
13
What is the remainder when 13463482 is divided by 464258?
0
What is the remainder when 35302567 is divided by 190?
187
Calculate the remainder when 213162271 is divided by 12.
7
What is the remainder when 19718 is divided by 704?
6
What is the remainder when 12915613 is divided by 224?
221
Calculate the remainder when 7910205 is divided by 213789.
12
What is the remainder when 9801828 is divided by 841?
814
Calculate the remainder when 3863882 is divided by 1931919.
44
Calculate the remainder when 1278429 is divided by 10923.
438
Calculate the remainder when 7973182 is divided by 2641.
3
What is the remainder when 32968118 is divided by 424?
422
What is the remainder when 3995655 is divided by 570785?
160
What is the remainder when 134138 is divided by 4101?
2906
Calculate the remainder when 14651740 is divided by 46366.